- -4) + -14.
5
12 + 9 + -23 + 5 + -13
-10
What is 8 + (145 + -162 - (0 + 0 + 1))?
-10
What is -24 + 20 - (-1 + (-6 - -2))?
1
Evaluate -39 + 11 + 2 + 10.
-16
-11 + 8 + 5 + -3 + 11 - 15
-5
What is -1 - 5 - (1 + 63 + -81)?
11
-3 - -3 - ((6 - 12) + 6) - 6
-6
Calculate -9 + 22 + (-7 - -17) + (-6 - 0).
17
What is -11 + -12 + (11 - 1) + -9?
-22
Evaluate -1 + (-13 + 7 - -17).
10
Calculate -24 - (-2 - 13) - -22.
13
What is the value of 7 - 1 - -3 - ((-11 - 12) + 20)?
12
Evaluate 7 - 0 - ((-8 + 10 - 10) + 3).
12
Evaluate 33 - (5 + (-16 - -20)).
24
What is the value of 7 - (7 - -12 - 15)?
3
Calculate (-18 - 11) + 27 + 8.
6
(-11 - (-41 - -18)) + -27
-15
What is the value of (47 - 49) + 5 + -1?
2
What is the value of (-1 - -8 - (-17 + -7 + 4)) + -7?
20
Evaluate -1 + -11 + 25 + -24 + 7.
-4
(9 - -35) + (-16 - -9) + -9
28
Evaluate -11 + 17 + (1 - 6 - (-14 + 14)).
1
-13 - (1 + -6 + -1) - (-5 + 13)
-15
511 - 513 - (-2 - 1 - 2)
3
What is the value of (34 - 42) + (4 - 0) - (1 - -1)?
-6
What is the value of -5 + (-1 - (-9 + -6 + 8))?
1
Evaluate -7 + (6 - (2 - (-1 + -3 + 6))).
-1
Evaluate 9 + -17 + (-1 + (1 - -2) - -22).
16
What is the value of -4 - -1 - (4 - -3 - (2 + 5))?
-3
-6 + (-6 - (-7 - -13 - 0))
-18
Calculate (4 - 0) + 6 + -12 + 5.
3
Calculate -11 + (0 - -3) + (-37 - -34).
-11
19 + (-30 - -19) - -8
16
Evaluate -40 - (-9 + -9) - -11.
-11
(1 - (-8 + 20 - 7)) + (7 - 2)
1
15 + 10 + -46 + 20
-1
What is 11 + -16 + -5 - -6?
-4
Calculate -23 - -25 - (3 + 3 + 8).
-12
16 + (11 - 9) - 7
11
Evaluate -5 + (3 - (-8 - -1)) + 0.
5
What is the value of -4 - (-17 - (0 - 21))?
-8
(-18 - -12) + 12 - 5
1
(13 - -2 - (-51 - -65)) + 16 + 1
18
Evaluate -6 - ((-10 - (-3 + -6 + -5)) + -17).
7
Calculate 299 + -287 - (2 + -9 + 2).
17
What is the value of (-3 - 10) + (-4 - (-2 + 2))?
-17
What is 5 + 23 + 8 + -18?
18
12 - (-1 + 2) - (17 + -9 + -7)
10
What is 11 + (-4 - (-6 + (-4 - -7 - 1)))?
11
What is 75 - 63 - (17 + 3)?
-8
What is the value of 8 - (19 + 1 + -25 + (10 - -25))?
-22
What is -26 - (-6 + (8 - (-5 + 9))) - -10?
-14
Calculate -11 + (20 + 1 - 11) - (2 - -12).
-15
Calculate 22 + -13 + 0 + -6 + (-9 - -1).
-5
Calculate -5 - (8 + -10 - -6 - 5).
-4
Evaluate (1 + -3 - 0 - (-44 - -40)) + -1.
1
What is the value of (17 - 6) + (35 - 27 - 2)?
17
What is the value of 7 - (-5 + (7 - (0 + -5)))?
0
What is (0 - (6 - (18 + (1 - 6)))) + 2?
9
Calculate (-2 - 2) + (6 - 9) + (0 - -9).
2
Evaluate (-8 - 41) + 27 - (-2 + 2 + -7).
-15
What is the value of -14 + 2 + -12 + (-28 - -25) + 11?
-16
What is -2 - (20 - (16 + -10) - 38)?
22
Calculate (22 - 3 - -2) + -5 + -6.
10
Evaluate 14 + 2 + -127 + 126.
15
-14 + (40 - 42 - -40)
24
What is the value of -15 - (7 + 23 + -35)?
-10
Calculate (-1 - -18 - (93 - 65)) + 43.
32
What is the value of -7 - ((5 - 23) + 10)?
1
Calculate -5 + -6 + 1 + (-4 - -7 - 1).
-8
What is the value of -8 + (-10 - (-3 + -4))?
-11
2 - (-18 - -1) - (-80 - -51 - -38)
10
What is 8 - (2 + (-19 - -8 - -14))?
3
What is 2 + 12 + 16 + -25?
5
-25 + (-4 - 11) - -21
-19
What is the value of (25 - -8 - 1) + -2?
30
-7 + (-1 - 31) - -78
39
Calculate -1 + -1 + 0 + 2 - (-134 - -105).
29
What is -21 + (-6 + 19 - 19) - (5 + -1)?
-31
Evaluate 16 + 1 + (-108 - -46) + 45.
0
Calculate 57 + -51 - (4 + -11).
13
(12 - 20 - -4) + (1 + 0 - -1)
-2
What is 29 - (1 + -10 + 26)?
12
Calculate 1 - (6 - (-8 + -5 + 9)).
-9
What is 12 + (-8 + 17 - 9 - 25)?
-13
What is 8 - (2 + -4) - (-14 + (14 - -1))?
9
What is the value of 19 - (25 - 38) - 72?
-40
(12 + (3 - 4) - 30) + (-4 - -4)
-19
Evaluate -1325 + 1342 - (5 - 1).
13
What is 12 - (30 + -2 + -9)?
-7
What is -6 + -4 + 1 + -6 + 5 - -3?
-7
Calculate -441 + 476 + (0 - 23).
12
What is -7 + (-27 - ((-15 - 5) + 13))?
-27
What is the value of 7 + -1 - (37 + -31 + (-2 - -3))?
-1
What is the value of 3 + (12 - 14 - 6) - (11 + 4)?
-20
Calculate -1 - -10 - (-99 + 98).
10
What is the value of 0 - 1 - (-3 + 29 + -21)?
-6
What is the value of 0 + (5 - -19) - (1 - -7)?
16
What is the value of -25 - ((6 - 13) + (8 - 12))?
-14
What is -16 + 0 + 10 - (3 + -11)?
2
Evaluate 1 + -5 - (0 - -2) - (0 + -1).
-5
6 - (10 - (32 - (13 + -2))) - 0
17
What is 33 - (15 - (-27 - -42))?
33
(-4 - 10) + -2 - (-17 - -23)
-22
72 - 74 - ((-5 - -4) + 4 - -2)
-7
What is -2 + (42 - (52 + -27))?
15
What is -44 - -49 - (-6 + 14 + 5 + -9)?
1
22 + (-7 - -1 - -1)
17
(-1 - (18 + -12)) + (15 - -2)
10
Evaluate (-16 - (2 - (-17 + 30))) + 27.
22
(-5 - (0 + -2)) + (7 - (-5 + 6))
3
Calculate -13 - (-6 + (4 - -3) - 1).
-13
Evaluate (15 + -69 - -40) + (-1 - -9).
-6
Calculate (11 - 1) + -199 + 199.
10
What is 6 + (15 - (-5 + 16)) - 11?
-1
(3 - -10) + 19 + -18
14
25 - (7 - (-3 + -31))
-16
Calculate -33 + (13 - (-35 + 2)).
13
Evaluate -1 + (-2 - 5 - -8) + -1 - 5.
-6
What is -62 - -103 - 21 - (2 + 0 + -1)?
19
(-4 - (-24 + 26)) + 4
-2
Evaluate 2 - (1 - -12 - (-6 + 11)).
-6
What is the value of 14 + -25 - -1 - (-18 + 3)?
5
What is the value of 21 + -27 + (-1 - -7)?
0
What is 41 + -47 + -1 + 13 + -5 + -18?
-17
(-2 - -8) + (7 - 4 - 3)
6
Calculate -6 + 5 + 5 + (-17 - (2 - 5)).
-10
Calculate (64 - 93) + 18 + -2.
-13
Calculate (-25 - -32) + -4 + 2 + -2 + -12.
-9
What is (88 - 78) + 2 + -7 + 0 + -3?
2
-8 - (-11 + -10 + 15 + 17)
-19
What is the value of 2 + -4 - (-2 + -1 + -10 + -6)?
17
Calculate 5 + -8 + (11 - 8) - (-5 - -10).
-5
What is the value of 5 + -9 + (-1 + -1 - (-6 + 1))?
-1
(-13 - (-10 + 3)) + 18 + (-4 - -5)
13
Calculate 14 + (-7 - 11) + -4.
-8
-6 - (-6 - (35 + -1 - (18 + -11)))
27
-14 + 12 + 6 - 1
3
Evaluate -10 + 17 + -10 + 15.
12
-9 - 0 - (-2 + -27) - (2 + -5)
23
What is 3 + -10 - -6 - -7 - (-4 + 0)?
10
Calculate -16 + (46 - (14 - -4)).
12
What is the value of -2 - -3 - (-2 + -8 + 22 - -11)?
-22
What is the value of -12 - (-3 - (-10 + 5))?
-14
Evaluate (41 - (-34 + 76)) + -26.
-27
(17 - 8) + (40 - 38)
11
-3 - (-19 - (-54 + 20))
-18
Calculate 20 + 8 + 13 + -51.
-10
What is the value of -13 + 9 + 3 - 5?
-6
-3 + -14 + 30 - 23
-10
Evaluate 12 + (23 - 14 - (10 - -1)).
10
Calculate (-27 - -12) + (-16 - -55).
24
Evaluate (-2 - (-33 - -2)) + (108 + -169 - -66).
34
Calculate (-7 - (-27 - -7)) + 2.
15
Calculate -7 + (1 - 0) - (7 + (-1 - 1)).
-11
(20 - 8) + 18 - 15
15
What is the value of 4 + (-14 - (-12 + (2 + -8 - -12)))?
-4
What is (3 - (-3 + 2 + 5 - 6)) + -5?
0
What is the value of -1 + (36 - 14) - 17?
4
(5 - 14) + -133 + 138
-4
Evaluate 8 + (3 - (23 + (-15 - -22))).
-19
Calculate 16 + -22 + 28 + -43.
-21
Calculate -5 - ((-4 - (-17 - -5 - -6)) + 6).
-13
14 - 29 - 4 - -4
-15
Calculate -3 - -21 - (156 + -148).
10
Calculate -5 - (3 + -13) - (16 - 2).
-9
Evaluate 6 + -2 - 4 - -1 - (10 - -1).
-10
What is 2 - -2 - (-212 + 202)?
14
Calculate (16 - (-2 - 1)) + 13 + -22.
10
(-2 - (0 + 11)) + (73 - 19) + -46
-5
What is -13 - (11 + (-9 - 3 - 4))?
-8
Calculate (35 - 25) + 21 + -4.
27
What is (43 - 47) + (5 - 10) - (-8 - -2)?
-3
Calculate (-52 - (-46 - -17)) + 22.
-1
Calculate 6 - 5 - 7 - 24.
-30
What is 10 - (-9 - -41) - -2?
-20
Evaluate (12 - 18) + -1 + 34.
27
43 + 1 - ((6 - -12) + 0)
26
Calculate 36 + (6 - 15) + (-2 - 1).
24
Evaluate 6 + 12 + 14 + -26.
6
What is the value of -796 + 796 - (3 - 4 - (1 + -18))?
-16
Evaluate 9 + 18 + -15 + 27 + -9.
30
What is 6 - (-3 + 1 + (-5 - -3) + 2)?
8
What is 3 - -5 - (12 + -25 + 19)?
2
What is 0 + -1 + (122 - 131)?
-10
What is the value of (-4 + 2 - -6) + 10 + -18 + 5?
1
Evaluate -8 + (3 - -9) + -24 + 30.
10
Calculate -17 + -21 + 54 + (0 - 2).
14
-798 - -798 - (0 - -14)
-14
Evaluate 1 - (-4 + (10 + -6 - (-4 + 12))).
9
(-29 + -21 - -62) + -46 + 1
-33
What is the value of 1 + -3 + -11 + 0?
-13
What is -4 + (4 - (-3 + 11 + 0))?
-8
What is the value of 6 + (7 - 1) + -1 + 7?
18
What is the value of -17 + -1 - (13 - (-7 - -29))?
-9
Calculate 6 - (23 + -3 + 5 + 7 + -13).
-13
-11 + -23 + (-7 - -3 - 1) + 8
-31
What is the value of 12 - ((6 - (-6 - -7)) + (3 - -1))?
3
Calculate -8 + (8 - 19) + 18.
-1
What is 5 + -8 + -3 - -9 - (4 - 5)?
4
What is -31 + 21 - (6 - (-2 + 3))?
-15
What is 0 + (-18 - -24) - -3?
9
What is the value of -9 - (-21 + -20 + 40)?
-8
Calculate -9 + 0 + (21 - 1) + -5.
6
15 - (26 + -15 + 40) - -12
-24
What is the value of (-5 - (-5 - -9 - -5)) + 10?
-4
What is the value of (-17 - (14 + -26 + -2)) + -9?
-12
What is -1 - 3 - -5 - (-7 + 0 - -21)?
-13
-7 - 8 - -21 - -3
9
-30 - (33 - 76 - -15)
-